ulate the remainder when 1435 is divided by 15.
10
What is the remainder when 5610 is divided by 46?
44
What is the remainder when 856 is divided by 26?
24
Calculate the remainder when 292 is divided by 78.
58
Calculate the remainder when 81 is divided by 47.
34
What is the remainder when 1161 is divided by 568?
25
What is the remainder when 338 is divided by 57?
53
Calculate the remainder when 47 is divided by 3.
2
What is the remainder when 150 is divided by 14?
10
What is the remainder when 17005 is divided by 15?
10
What is the remainder when 4155 is divided by 99?
96
Calculate the remainder when 664 is divided by 82.
8
What is the remainder when 215 is divided by 34?
11
Calculate the remainder when 1289 is divided by 86.
85
Calculate the remainder when 40 is divided by 11.
7
What is the remainder when 5458 is divided by 27?
4
Calculate the remainder when 944 is divided by 63.
62
Calculate the remainder when 5029 is divided by 239.
10
What is the remainder when 482 is divided by 80?
2
Calculate the remainder when 104 is divided by 22.
16
What is the remainder when 526 is divided by 19?
13
Calculate the remainder when 34882 is divided by 57.
55
What is the remainder when 20663 is divided by 56?
55
What is the remainder when 317 is divided by 32?
29
Calculate the remainder when 5693 is divided by 18.
5
What is the remainder when 130 is divided by 64?
2
Calculate the remainder when 128 is divided by 63.
2
What is the remainder when 248 is divided by 85?
78
Calculate the remainder when 333 is divided by 58.
43
What is the remainder when 4767 is divided by 11?
4
What is the remainder when 531 is divided by 60?
51
What is the remainder when 218 is divided by 13?
10
Calculate the remainder when 111 is divided by 79.
32
Calculate the remainder when 142 is divided by 25.
17
What is the remainder when 427 is divided by 110?
97
What is the remainder when 34 is divided by 19?
15
What is the remainder when 429 is divided by 109?
102
Calculate the remainder when 118 is divided by 6.
4
What is the remainder when 513 is divided by 12?
9
Calculate the remainder when 816 is divided by 271.
3
Calculate the remainder when 645 is divided by 132.
117
Calculate the remainder when 632 is divided by 164.
140
Calculate the remainder when 1769 is divided by 847.
75
What is the remainder when 1415 is divided by 19?
9
Calculate the remainder when 2055 is divided by 2046.
9
Calculate the remainder when 129 is divided by 21.
3
Calculate the remainder when 999 is divided by 25.
24
Calculate the remainder when 137 is divided by 32.
9
What is the remainder when 538 is divided by 60?
58
Calculate the remainder when 169 is divided by 89.
80
Calculate the remainder when 783 is divided by 224.
111
Calculate the remainder when 372 is divided by 34.
32
Calculate the remainder when 88 is divided by 45.
43
Calculate the remainder when 570 is divided by 26.
24
Calculate the remainder when 87 is divided by 9.
6
Calculate the remainder when 892 is divided by 385.
122
What is the remainder when 1186 is divided by 29?
26
What is the remainder when 4603 is divided by 6?
1
Calculate the remainder when 170 is divided by 19.
18
What is the remainder when 613 is divided by 153?
1
What is the remainder when 297 is divided by 26?
11
Calculate the remainder when 79 is divided by 20.
19
Calculate the remainder when 5805 is divided by 33.
30
Calculate the remainder when 5850 is divided by 584.
10
What is the remainder when 1091 is divided by 84?
83
What is the remainder when 320 is divided by 67?
52
Calculate the remainder when 211 is divided by 203.
8
Calculate the remainder when 162 is divided by 41.
39
Calculate the remainder when 823 is divided by 818.
5
Calculate the remainder when 5048 is divided by 25.
23
What is the remainder when 2617 is divided by 70?
27
Calculate the remainder when 402 is divided by 13.
12
What is the remainder when 370 is divided by 47?
41
Calculate the remainder when 14881 is divided by 41.
39
What is the remainder when 824 is divided by 200?
24
Calculate the remainder when 342 is divided by 100.
42
What is the remainder when 183 is divided by 153?
30
What is the remainder when 352 is divided by 121?
110
What is the remainder when 312 is divided by 26?
0
What is the remainder when 7 is divided by 2?
1
Calculate the remainder when 2639 is divided by 30.
29
Calculate the remainder when 1389 is divided by 86.
13
Calculate the remainder when 338 is divided by 156.
26
Calculate the remainder when 707 is divided by 49.
21
Calculate the remainder when 34 is divided by 3.
1
Calculate the remainder when 37674 is divided by 57.
54
What is the remainder when 748 is divided by 100?
48
What is the remainder when 330 is divided by 120?
90
What is the remainder when 245 is divided by 66?
47
Calculate the remainder when 5022 is divided by 999.
27
What is the remainder when 18 is divided by 3?
0
What is the remainder when 14 is divided by 7?
0
What is the remainder when 1420 is divided by 102?
94
What is the remainder when 17356 is divided by 33?
31
Calculate the remainder when 115 is divided by 66.
49
What is the remainder when 477 is divided by 22?
15
What is the remainder when 334 is divided by 12?
10
Calculate the remainder when 297 is divided by 15.
12
Calculate the remainder when 22832 is divided by 98.
96
What is the remainder when 1113 is divided by 164?
129
Calculate the remainder when 181 is divided by 58.
7
What is the remainder when 109 is divided by 56?
53
Calculate the remainder when 320 is divided by 83.
71
What is the remainder when 95 is divided by 68?
27
What is the remainder when 6048 is divided by 22?
20
Calculate the remainder when 9306 is divided by 87.
84
What is the remainder when 399 is divided by 29?
22
Calculate the remainder when 431 is divided by 72.
71
Calculate the remainder when 180 is divided by 26.
24
Calculate the remainder when 104 is divided by 67.
37
Calculate the remainder when 17 is divided by 1.
0
What is the remainder when 110 is divided by 29?
23
Calculate the remainder when 62 is divided by 48.
14
Calculate the remainder when 33 is divided by 8.
1
Calculate the remainder when 232 is divided by 111.
10
What is the remainder when 147 is divided by 15?
12
What is the remainder when 34 is divided by 19?
15
Calculate the remainder when 343 is divided by 14.
7
Calculate the remainder when 163 is divided by 61.
41
What is the remainder when 21316 is divided by 22?
20
What is the remainder when 216 is divided by 91?
34
What is the remainder when 145 is divided by 2?
1
What is the remainder when 41 is divided by 39?
2
Calculate the remainder when 103 is divided by 26.
25
What is the remainder when 834 is divided by 40?
34
Calculate the remainder when 232 is divided by 41.
27
What is the remainder when 338 is divided by 41?
10
Calculate the remainder when 1456 is divided by 23.
7
Calculate the remainder when 216 is divided by 57.
45
What is the remainder when 1065 is divided by 160?
105
What is the remainder when 195 is divided by 9?
6
Calculate the remainder when 273 is divided by 25.
23
What is the remainder when 726 is divided by 242?
0
Calculate the remainder when 21 is divided by 12.
9
What is the remainder when 9274 is divided by 116?
110
Calculate the remainder when 3982 is divided by 210.
202
What is the remainder when 1076 is divided by 31?
22
Calculate the remainder when 1121 is divided by 98.
43
What is the remainder when 231 is divided by 24?
15
What is the remainder when 1316 is divided by 12?
8
What is the remainder when 23 is divided by 11?
1
Calculate the remainder when 766 is divided by 24.
22
What is the remainder when 166 is divided by 12?
10
Calculate the remainder when 435 is divided by 107.
7
What is the remainder when 47 is divided by 28?
19
Calculate the remainder when 39 is divided by 15.
9
What is the remainder when 505 is divided by 101?
0
Calculate the remainder when 207 is divided by 14.
11
Calculate the remainder when 167 is divided by 86.
81
What is the remainder when 322 is divided by 19?
18
What is the remainder when 310 is divided by 16?
6
What is the remainder when 13613 is divided by 17?
13
Calculate the remainder when 2802 is divided by 15.
12
What is the remainder when 242 is divided by 21?
11
What is the r